{"id":138,"date":"2020-05-24T09:10:55","date_gmt":"2020-05-24T09:10:55","guid":{"rendered":"https:\/\/karinwetzel.de\/?page_id=138"},"modified":"2020-05-25T13:03:13","modified_gmt":"2020-05-25T13:03:13","slug":"slash","status":"publish","type":"page","link":"https:\/\/karinwetzel.de\/en\/kompositionen\/x-pieces\/slash\/","title":{"rendered":"Slash"},"content":{"rendered":"\n<p>aus <em>X-Pieces<\/em><br>f\u00fcr Blockfl\u00f6te<br>2017<\/p>\n\n\n\n<p>4&#8217;30<\/p>\n\n\n\n<p style=\"font-size:12px\">UA<br>Lydia Dietrich, Tenorblockfl\u00f6te <br>12.04.2019, Z\u00fcrcher Hochschule der K\u00fcnste<\/p>\n\n\n\n<figure class=\"wp-block-image size-large\"><img data-recalc-dims=\"1\" loading=\"lazy\" decoding=\"async\" width=\"640\" height=\"463\" src=\"https:\/\/i0.wp.com\/karinwetzel.de\/wp-content\/uploads\/2020\/05\/Slash.jpg?resize=640%2C463&#038;ssl=1\" alt=\"\" class=\"wp-image-323\" srcset=\"https:\/\/i0.wp.com\/karinwetzel.de\/wp-content\/uploads\/2020\/05\/Slash.jpg?resize=1024%2C741&amp;ssl=1 1024w, https:\/\/i0.wp.com\/karinwetzel.de\/wp-content\/uploads\/2020\/05\/Slash.jpg?resize=300%2C217&amp;ssl=1 300w, https:\/\/i0.wp.com\/karinwetzel.de\/wp-content\/uploads\/2020\/05\/Slash.jpg?resize=768%2C555&amp;ssl=1 768w, https:\/\/i0.wp.com\/karinwetzel.de\/wp-content\/uploads\/2020\/05\/Slash.jpg?resize=1536%2C1111&amp;ssl=1 1536w, https:\/\/i0.wp.com\/karinwetzel.de\/wp-content\/uploads\/2020\/05\/Slash.jpg?resize=2048%2C1481&amp;ssl=1 2048w, https:\/\/i0.wp.com\/karinwetzel.de\/wp-content\/uploads\/2020\/05\/Slash.jpg?resize=1200%2C868&amp;ssl=1 1200w, https:\/\/i0.wp.com\/karinwetzel.de\/wp-content\/uploads\/2020\/05\/Slash.jpg?w=1280&amp;ssl=1 1280w, https:\/\/i0.wp.com\/karinwetzel.de\/wp-content\/uploads\/2020\/05\/Slash.jpg?w=1920&amp;ssl=1 1920w\" sizes=\"auto, (max-width: 640px) 100vw, 640px\" \/><\/figure>\n\n\n\n<figure class=\"wp-block-audio\"><audio controls src=\"https:\/\/karinwetzel.de\/wp-content\/uploads\/2020\/05\/Slash.mp3\"><\/audio><figcaption>Ausschnitt: Lydia Dietrich, Tenorblockfl\u00f6te<\/figcaption><\/figure>\n\n\n\n<p><\/p>\n","protected":false},"excerpt":{"rendered":"<p>aus X-Piecesf\u00fcr Blockfl\u00f6te2017 4&#8217;30 UALydia Dietrich, Tenorblockfl\u00f6te 12.04.2019, Z\u00fcrcher Hochschule der K\u00fcnste<\/p>\n","protected":false},"author":1,"featured_media":0,"parent":76,"menu_order":0,"comment_status":"closed","ping_status":"closed","template":"","meta":{"_EventAllDay":false,"_EventTimezone":"","_EventStartDate":"","_EventEndDate":"","_EventStartDateUTC":"","_EventEndDateUTC":"","_EventShowMap":false,"_EventShowMapLink":false,"_EventURL":"","_EventCost":"","_EventCostDescription":"","_EventCurrencySymbol":"","_EventCurrencyCode":"","_EventCurrencyPosition":"","_EventDateTimeSeparator":"","_EventTimeRangeSeparator":"","_EventOrganizerID":[],"_EventVenueID":[],"_OrganizerEmail":"","_OrganizerPhone":"","_OrganizerWebsite":"","_VenueAddress":"","_VenueCity":"","_VenueCountry":"","_VenueProvince":"","_VenueState":"","_VenueZip":"","_VenuePhone":"","_VenueURL":"","_VenueStateProvince":"","_VenueLat":"","_VenueLng":"","_VenueShowMap":false,"_VenueShowMapLink":false,"footnotes":""},"class_list":["post-138","page","type-page","status-publish","hentry"],"featured_image_src":null,"jetpack_sharing_enabled":true,"jetpack_likes_enabled":true,"jetpack_shortlink":"https:\/\/wp.me\/Pc2bSE-2e","_links":{"self":[{"href":"https:\/\/karinwetzel.de\/en\/wp-json\/wp\/v2\/pages\/138","targetHints":{"allow":["GET"]}}],"collection":[{"href":"https:\/\/karinwetzel.de\/en\/wp-json\/wp\/v2\/pages"}],"about":[{"href":"https:\/\/karinwetzel.de\/en\/wp-json\/wp\/v2\/types\/page"}],"author":[{"embeddable":true,"href":"https:\/\/karinwetzel.de\/en\/wp-json\/wp\/v2\/users\/1"}],"replies":[{"embeddable":true,"href":"https:\/\/karinwetzel.de\/en\/wp-json\/wp\/v2\/comments?post=138"}],"version-history":[{"count":5,"href":"https:\/\/karinwetzel.de\/en\/wp-json\/wp\/v2\/pages\/138\/revisions"}],"predecessor-version":[{"id":519,"href":"https:\/\/karinwetzel.de\/en\/wp-json\/wp\/v2\/pages\/138\/revisions\/519"}],"up":[{"embeddable":true,"href":"https:\/\/karinwetzel.de\/en\/wp-json\/wp\/v2\/pages\/76"}],"wp:attachment":[{"href":"https:\/\/karinwetzel.de\/en\/wp-json\/wp\/v2\/media?parent=138"}],"curies":[{"name":"wp","href":"https:\/\/api.w.org\/{rel}","templated":true}]}}

<p>aus <em>X-Pieces</em><br>für Blockflöte<br>2017</p>



<p>4&#8217;30</p>



<p style="font-size:12px">UA<br>Lydia Dietrich, Tenorblockflöte <br>12.04.2019, Zürcher Hochschule der Künste</p>



<figure class="wp-block-image size-large"><img data-recalc-dims="1" loading="lazy" decoding="async" width="640" height="463" src="https://i0.wp.com/karinwetzel.de/wp-content/uploads/2020/05/Slash.jpg?resize=640%2C463&#038;ssl=1" alt="" class="wp-image-323" srcset="https://i0.wp.com/karinwetzel.de/wp-content/uploads/2020/05/Slash.jpg?resize=1024%2C741&amp;ssl=1 1024w, https://i0.wp.com/karinwetzel.de/wp-content/uploads/2020/05/Slash.jpg?resize=300%2C217&amp;ssl=1 300w, https://i0.wp.com/karinwetzel.de/wp-content/uploads/2020/05/Slash.jpg?resize=768%2C555&amp;ssl=1 768w, https://i0.wp.com/karinwetzel.de/wp-content/uploads/2020/05/Slash.jpg?resize=1536%2C1111&amp;ssl=1 1536w, https://i0.wp.com/karinwetzel.de/wp-content/uploads/2020/05/Slash.jpg?resize=2048%2C1481&amp;ssl=1 2048w, https://i0.wp.com/karinwetzel.de/wp-content/uploads/2020/05/Slash.jpg?resize=1200%2C868&amp;ssl=1 1200w, https://i0.wp.com/karinwetzel.de/wp-content/uploads/2020/05/Slash.jpg?w=1280&amp;ssl=1 1280w, https://i0.wp.com/karinwetzel.de/wp-content/uploads/2020/05/Slash.jpg?w=1920&amp;ssl=1 1920w" sizes="auto, (max-width: 640px) 100vw, 640px" /></figure>



<figure class="wp-block-audio"><audio controls src="https://karinwetzel.de/wp-content/uploads/2020/05/Slash.mp3"></audio><figcaption>Ausschnitt: Lydia Dietrich, Tenorblockflöte</figcaption></figure>



<p></p>

<p>aus X-Piecesfür Blockflöte2017 4&#8217;30 UALydia Dietrich, Tenorblockflöte 12.04.2019, Zürcher Hochschule der Künste</p>
